07 - -11790. Is u a composite number?
False
Let y(o) = 5*o**3 + 23*o**2 + 24*o + 49. Let a(r) = -6*r**3 - 23*r**2 - 22*r - 49. Let v(p) = -6*a(p) - 7*y(p). Is v(28) composite?
True
Let c(u) = u**3 - 3*u**2 + 94*u - 549. Is c(50) a prime number?
False
Let s be 6388/44 + 0 - 4/22. Let o = s - -244. Is o composite?
False
Let n = 16990 + -11507. Is n a composite number?
False
Suppose -774584 = -4*b - 3*k, 2*b + 82916 - 470194 = -5*k. Is b prime?
True
Let c(l) = -117*l + 230. Let s be c(-5). Is -5 + s + (-5 - 0) + 4 prime?
True
Suppose 0 = -x - 5*o + 2700, 3*o + 3063 = 2*x - 2337. Suppose 8915 + x = 5*k. Is k composite?
True
Let y(j) = 228*j**3 + 2*j - 2. Let o be y(3). Suppose -4*i - i + 2*a + 7713 = 0, 4*i + a - o = 0. Is i composite?
True
Let x(o) = -2*o**3 - 34*o**2 - 31*o + 201. Is x(-44) composite?
False
Let w(z) = -z**2 - 8*z + 44. Let t be w(-11). Is 6 + 3648 + -6 + t composite?
False
Suppose 0 = 4*m - 3*c - 165, 4*m - 38 = -5*c + 135. Is (-4)/(m - 6) - 76646/(-18) composite?
True
Suppose 7*g - 5*m + 138 = 8*g, m + 276 = 2*g. Suppose g*i - 117*i = 102501. Is i a composite number?
True
Suppose 2*s = -5*j + 2146894, 4*s + 27*j = 25*j + 4293852. Is s composite?
True
Let c be 1/((-345)/(-70) + -5). Is 2/7 + -1 + (-9572)/c a composite number?
False
Suppose 0 = -r + 3*r + 3*j - 10, 2*j = -r + 6. Suppose 0 = -5*u - 10, -r*w - 1029 = 3*u - 287. Let v = w - -607. Is v composite?
False
Is (8/(-3))/((-26)/(-39)) - -27267*1 a prime number?
False
Suppose 18*y + 59*y - 11309833 = 19965180. Is y prime?
True
Let l(r) = -1685*r + 60. Let q = -1 + -6. Is l(q) a composite number?
True
Suppose -4*i + 6 = y + 7, 4*i + 36 = 4*y. Suppose y*t - 13673 = 74856. Is t prime?
True
Let g = 555114 - 190873. Is g prime?
True
Suppose 4*z = 8, 0 = -3*n + 5*z - 11 + 121. Let i = -36 + n. Suppose -i*b + 3269 = 3*b. Is b composite?
False
Is 68927/(-7 + (-15)/50*-25) composite?
True
Let z be (-180)/(-7) - (-3)/(-21)*-2. Is (1433530/z)/5 + 2/(-13) a prime number?
True
Is (-6 + 1)/(5/(-256639)) composite?
False
Let h(k) = -1311*k + 14. Let a = 81 - 84. Is h(a) composite?
False
Suppose 130900 = 2*r - 2*v + 38492, -5*r = -4*v - 231015. Is r composite?
False
Let j(a) = 816*a**2 + 4*a - 5. Let v be j(3). Suppose -v = -n - 4*g, 0 = g + 3 - 0. Is n prime?
False
Let l(r) = r**2 - r. Suppose -4*f - 32 = 4*u, 5*u = -2*f + 7*f. Let j(a) = -28*a**2 + 16*a - 31. Let x(b) = f*l(b) - j(b). Is x(8) prime?
True
Let y(f) = f**2 + f + 1. Let l(k) = -74*k**3 - 2*k**2 - 14*k + 4. Let m(n) = l(n) + 5*y(n). Is m(-4) prime?
False
Let c(m) = -6 + 16*m + m**3 + 2*m**2 - 4 - 25*m + 4*m**2. Let l be c(-7). Suppose -l*u = -4*b + 1089 + 195, 4*u - 654 = -2*b. Is b a composite number?
True
Let g(i) = -76*i**2 + 26*i - 5. Let p(k) = -148*k**2 + 49*k - 12. Let j(t) = 11*g(t) - 6*p(t). Suppose 0 = -2*f - 2*f - 32. Is j(f) composite?
True
Suppose -5*k - 224310 = -5*u, -4*u - 2183 = -2*k - 181629. Is u a composite number?
True
Let q = -664 + 1295. Is q a prime number?
True
Let h = 53 + -29. Is h/6*(-2)/(-8)*2042 a composite number?
True
Let f(x) be the third derivative of 81*x**4/8 - 53*x**3/6 + 45*x**2. Let a be f(4). Suppose a + 3613 = 4*c. Is c composite?
True
Let f = 20450 + -11790. Suppose -5*g = -r - 4*r + f, -g = 4*r - 6933. Is r a composite number?
False
Suppose 4*b + 157152 = 52*b. Is b a prime number?
False
Suppose 6*o - 51616 = 24872. Let i = 18755 - o. Is i a prime number?
True
Let r(k) be the first derivative of k**4/4 + 13*k**3/3 - 4*k**2 + 14*k + 14. Let d be r(-14). Let n = 1 - d. Is n a prime number?
True
Let v = -5149 + 10602. Suppose -509 = 6*s - v. Suppose 3*j - 187 = s. Is j composite?
False
Let s(p) = 1. Let x(m) = m - 22. Let n(h) = 4*s(h) + x(h). Let a be n(20). Suppose 10*u = a*u + 23720. Is u composite?
True
Let r(x) = -23*x + 19. Let u be r(-10). Suppose -d + 139 = -u. Suppose 5*c - d = -o, 5*o - 1685 = 5*c + 345. Is o prime?
False
Let l = 20125 - -151876. Is l composite?
False
Let j(p) = 2*p**3 - 17*p**2 + 7*p + 13. Let k be j(8). Suppose 6 = -5*q - 14, 0 = k*m + 4*q + 621. Let u = 193 - m. Is u prime?
False
Let g(k) = -10950*k**3 + 5*k**2 + 22*k + 35. Is g(-2) prime?
False
Let p(b) = 1146764*b**2 - 1728*b + 1727. Is p(1) prime?
True
Suppose -40*g - 223 - 17 = 0. Is g + 7 + 1 + 2172 a composite number?
True
Let z(s) = 552*s - 176. Let p be z(-4). Suppose 3*t + 5898 + 4155 = 0. Let h = p - t. Is h prime?
True
Let p be ((-50)/(-20))/(5/44). Suppose -25*t = -p*t - 3, 0 = 5*o + 4*t - 1799. Is o composite?
False
Suppose 3*n = c - 134493, n - 2*n = 3*c - 403529. Suppose -14*i + 26*i = c. Is i prime?
False
Let f be 2 - -5 - -28723 - -4. Suppose -89*t + 83*t = -f. Is t a prime number?
True
Let x(v) = -4*v**3 + 2*v**2 + 4*v + 1. Let k be x(-1). Suppose k*g = 15 - 3. Is (6/(-24))/1 - (-357)/g prime?
True
Let u be (-5 - -7)/2 - -280. Let c = u + -82. Is c composite?
False
Let t be (9 - 8)/((-1)/(-3)). Suppose 3*o = 3, 0 = -t*b - b + 2*o + 4138. Let l = 1501 - b. Is l composite?
True
Let c(h) = -h**3 + 3*h**2 + 6*h - 14. Let a be c(3). Suppose 0 = g + 23 + 1. Is a/3*4*(-27)/g a prime number?
False
Let f be ((-2)/(6/(-9)))/(-3). Let l(n) = n**3 - n**2 - 1. Let a(t) = t**3 + 22*t - 8. Let b(v) = f*a(v) + 2*l(v). Is b(10) a prime number?
False
Let j(t) = 11 + 116*t**3 - 13*t - 57*t**3 - 7*t**2 - 60*t**3. Suppose -3*i + 7*i + 24 = 0. Is j(i) a composite number?
False
Let h = -4912 + 19866. Is h a prime number?
False
Let w(z) = 17 - 570*z - 305*z - 149*z. Is w(-9) composite?
True
Suppose -7 + 31 = 4*q. Let o be (-6632)/(-6) - q/(-9). Suppose 11*d - o = 7661. Is d prime?
True
Let z = -32 + 34. Suppose 2*d = -3*n + 15, -4*n - 5*d - z + 22 = 0. Suppose -4*c = -5*u - 754, n*u + 185 = c + 2*u. Is c a prime number?
True
Let c(g) = -597*g**2 - 236*g - 107. Let b(w) = -198*w**2 - 79*w - 36. Let p(o) = 17*b(o) - 6*c(o). Is p(19) a composite number?
False
Suppose 0 = -q - 4 - 1. Let v(n) = -n**3 - 5*n**2 - 2*n - 7. Let m be v(q). Suppose -2773 = -m*x + 488. Is x composite?
False
Suppose -391*u + 415*u - 152852 - 2105044 = 0. Is u a prime number?
True
Let s be 11 - 1/(-5 + 4). Suppose 3 = -h + a - 2, -a + s = -2*h. Let f = h + 416. Is f prime?
True
Let r = -169585 - -516299. Is r a composite number?
True
Suppose 9*t - 8 = 1. Let r be (3980/30)/(t - 46/42). Let j = r + 1982. Is j composite?
True
Let l(n) = 119*n**2 - 10. Suppose 0 = 3*c - 530 + 521. Is l(c) a prime number?
True
Suppose 7*r - 64590 - 5228 = 0. Is r a composite number?
True
Let u(o) be the third derivative of 5*o**4/4 + 43*o**3/6 + 24*o**2. Let h(i) = -i**2 - i. Let q(l) = -4*h(l) - u(l). Is q(-16) composite?
True
Suppose -74*n = 37*n + 121*n - 246873752. Is n a prime number?
False
Suppose 0 = -6*x + 85 + 419. Suppose -7 = -85*t + x*t. Is (t + -2)*((-6366)/(-10) - 4) a prime number?
True
Suppose -2516318 = -274*i + 4635399 + 17986961. Is i composite?
True
Let o(d) = -d**3 - 27*d**2 + 29*d + 30. Let m be o(-28). Is m/(-5) + (1240884/20)/3 a prime number?
True
Let o(f) = -10*f - 2 - 17 - 16 - 59*f. Is o(-16) composite?
False
Let z(y) = 42*y - 5. Let l be z(-23). Let s = l - -3565. Is s a prime number?
False
Suppose -11*l + 12 = -10*l. Let d = l + -9. Suppose 0*x - d*x = -309. Is x prime?
True
Suppose 0 = 5*i + j + 54035, j - 43219 = 30*i - 26*i. Let g = i - -18299. Is g a prime number?
False
Suppose 25*i + 42304515 = 190*i. Is i a prime number?
True
Let u be ((-2)/2)/(6 - 1346/224). Suppose u = 13*s + s. Suppose -s*k + k = -7987. Is k a prime number?
False
Let w = -249985 - -796778. Is w a composite number?
True
Let l be 2/9 + 4*(-29233)/18. Let w = l + 11483. Is w a composite number?
False
Let x be (-1)/(-2 - -13) - 20932360/(-220). Suppose -25*q - x = -441022. Is q composite?
True
Let z = 37479 - 22426. Is z prime?
True
Let p be (-2)/10 - 64/(-20). Suppose 2*m + 3*m - t = 22807, 18238 = 4*m + p*t. Is m a composite number?
False
Suppose 44*p + 295525 - 1164671 = 141138. Is p a prime number?
True
Let y be (-9 - -15)*(4 + (-10)/4). Suppose 12*z = -4*m + y*z + 8393, -3*m - 3*z + 6294 = 0. Is m prime?
True
Suppose 25 - 1 = -4*h. Let i be (-27)/((h/176)/(21/14)). Suppose 3*z = -2*x + 641 + 556, -3*z + x = -i. Is z prime?
True
Let q = -15463 - -23610. Is q a composite number?
False
Let x(d) = -482*d - 38. Let s be 5/(-2 + 34/12). Let l be x(s). Is 10*(